t common factor of 35 and z.
7
Let o(n) = -102*n + 1844. Let a be o(18). Suppose t - 6*t + 40 = 0. Calculate the greatest common factor of a and t.
8
Suppose 2*u = 5*y - 46, 2*u - u = 2. Suppose -4*j + y + 2 = 0. Calculate the greatest common divisor of j and 6.
3
Let c = -558 + 3574. What is the highest common factor of 116 and c?
116
Suppose 4 = y - 6. Let x = 97 - 143. Let g = y - x. Calculate the greatest common divisor of g and 7.
7
Let h = 1143 + -1097. What is the highest common divisor of 207 and h?
23
Suppose -209*a = -216*a + 182. Let f be (-1)/(-1) - (1 - -3). Let x = f - -107. What is the greatest common divisor of a and x?
26
Let z be ((-63)/12)/((-15)/40). Suppose k = -z + 92. Let g = 138 - k. Calculate the greatest common divisor of 40 and g.
20
Suppose 0 = 3*b + 6*k - 11*k - 115, -39 = -b + k. What is the greatest common factor of b and 460?
20
Suppose -2*k + 934 - 166 = 0. Calculate the greatest common factor of k and 8.
8
Suppose 358 = 6*h + 352. Calculate the greatest common divisor of 163 and h.
1
Suppose 2*c - 499 + 443 = 0. What is the highest common factor of c and 1526?
14
Suppose -x = -1 + 5. Let r = 21 + -11. Let k = x + r. Calculate the greatest common factor of 48 and k.
6
Suppose l - 3*k - 22 = 0, -2*l - 4*k = 1 + 5. Calculate the greatest common divisor of l and 63.
7
Let t(i) = 2*i**2 - 5*i + 3. Suppose 5*m + 10 = 0, m = -5*x + 25 + 3. Let d = x - 0. Let p be t(d). What is the greatest common divisor of 30 and p?
15
Let v = 114 + -94. Suppose -v*c + 19*c = -13. Calculate the highest common divisor of 169 and c.
13
Let m(o) be the third derivative of 0*o - 8*o**2 - 7/6*o**3 - 1/60*o**5 - 2/3*o**4 + 0. Let i be m(-15). What is the greatest common divisor of i and 32?
8
Suppose -168 = -y - 3*y. Suppose -4*o - 10 = -6*o. Suppose 0 = 2*d + 11 - o, d = -3*z + 15. What is the greatest common factor of z and y?
6
Let h be (6/(-12))/((-1)/6). Suppose h*g = g + 28. Calculate the greatest common factor of g and 7.
7
Suppose 0 = -4*s - 20, 0 = -5*b + 3*b - s + 33. Let y = -5 + b. Suppose 2*r = -i - r + 163, 4*r = i - 142. Calculate the greatest common divisor of y and i.
14
Let m(y) = -11*y - 9. Let i be m(-8). Suppose -4*b + 3*h + 34 + 39 = 0, -4*b + 5*h = -i. What is the greatest common factor of 32 and b?
16
Let s = 18 - -6. What is the greatest common factor of 816 and s?
24
Let a(j) = -33*j - 326. Let m be a(-10). Calculate the highest common divisor of m and 38.
2
Let y = -55 - -75. Calculate the greatest common factor of y and 385.
5
Suppose 4*n - 8*n - 148 = 0. Let p = 114 + n. What is the greatest common factor of 22 and p?
11
Let i(d) = 53*d**2 + 9*d - 10. Let a be i(1). What is the greatest common factor of 221 and a?
13
Let x(z) = -z**3 - 4*z**2 - 30*z - 57. Let n be x(-6). Calculate the highest common divisor of 78 and n.
39
Let x be ((-6)/(-5))/((-9)/(-30)). Let d be -1 + (-15)/(-3) - -12. What is the greatest common factor of x and d?
4
Suppose 2*h + 3*w = -51, -w - 61 = -0*h + 2*h. Let b = h + 71. Calculate the greatest common divisor of b and 38.
38
Let g be (-5)/(-25) - (379/(-5) - 3). Let w = 156 - g. Calculate the greatest common factor of 11 and w.
11
Let a(n) = -3*n + 2. Let u be a(1). Let w be (-6)/(u*(-6)/(-63)). Calculate the greatest common factor of w and 18.
9
Let o be 2/4*20/2. Suppose 7*p - 3*p + 3 = 3*c, -13 = 4*p - 5*c. Suppose -w + p = -2*g - 0, 4*w = g + o. What is the highest common factor of 8 and w?
1
Suppose 5*d + 302 - 62 = 0. Suppose -5*q - 452 = 238. Let w = d - q. What is the greatest common factor of w and 60?
30
Let k = 91 + -63. Let z(f) = 2*f**2 - 24*f - 14. Let o be z(-7). What is the greatest common factor of k and o?
28
Suppose -3*v - 4*u + 9 = 0, -3*v + 3*u = u - 27. Let k(x) = -x**3 + 10*x**2 - 15*x + 9. Let s be k(v). What is the greatest common factor of 17 and s?
17
Let i = -675 + 1147. Suppose -2*a + i = -3*n + 6*n, 4*a - 174 = -n. What is the greatest common factor of 14 and n?
14
Suppose 360 = -5*d + 11*d. Calculate the greatest common factor of 24 and d.
12
Let v = 2 + -3. Let g(m) = -153*m. Let p be g(v). Suppose 0*i + 68 = 4*i. Calculate the highest common factor of p and i.
17
Let c = -3 - -5. Suppose 4*r - c*l + 57 = 23, 2*r + l + 19 = 0. Let n be (50/(-6))/(1/r). Calculate the greatest common factor of 15 and n.
15
Let w = -339 - -369. What is the highest common divisor of w and 75?
15
Let u be (4/10)/(2/(-30)). Let s(v) = 1665 - 1665 - 2*v. Let g be s(u). What is the highest common divisor of g and 60?
12
Let c = -564 - -606. What is the greatest common divisor of 483 and c?
21
Suppose o - 3120 = -64*o. What is the greatest common divisor of o and 888?
24
Suppose -z + 3*o = -28, -7*z - o = -3*z - 112. Let c(q) = 3*q**2 + 2 - 3*q + 3*q. Let r be c(2). Calculate the greatest common divisor of r and z.
14
Let v(x) = x**2 - 3*x - 4. Suppose 1 + 5 = 2*j. Let r be v(j). Let h = r + 26. What is the greatest common divisor of h and 33?
11
Let o be (-294)/(-36) - 1/6. Let u = -12 - -13. What is the greatest common factor of u and o?
1
Suppose 5*f + 4*i - 237 = 0, 0 = -i - 6 + 4. What is the highest common factor of 28 and f?
7
Suppose 10*j + 475 = 35*j. What is the greatest common divisor of 1862 and j?
19
Let a(l) = -6*l**2 + 47*l - 19. Let n be a(7). Calculate the greatest common factor of 496 and n.
16
Suppose 4*o - 2*o - 2 = 0, -3*p + 61 = -5*o. Suppose -3*t + 169 = -2*f, -5*t + 197 + 74 = 2*f. Calculate the highest common divisor of p and t.
11
Suppose -3*a = 3*d + 4 - 40, 5*a = 3*d + 28. Let j be a*-1*54/(-3). Suppose 4*y + j = w, -2*y = -w - 4*y + 138. Calculate the highest common factor of w and 28.
28
Suppose -17*a + 7 + 61 = 0. Calculate the greatest common divisor of 10 and a.
2
Suppose -7*v + 55 = 3*l - 2*v, -v = 1. What is the greatest common factor of l and 1080?
20
Let q(p) = 2*p**2 + 22*p - 2. Let b be q(-11). Let o be (153/(-36))/(b/8). Calculate the greatest common factor of 153 and o.
17
Suppose 4*d - 24 - 18 = -5*m, -9 = -3*d. Calculate the greatest common factor of m and 15.
3
Let x = -18 - -37. Suppose 2*t + 281 = 319. Calculate the greatest common factor of t and x.
19
Suppose 3*p - 138 = 2*t + 3*t, -4*t - 105 = 3*p. Let k be (-1)/((-78)/t - 3). Let i be 8*((-13)/(-4) + -1). What is the highest common divisor of k and i?
9
Let o(x) = x**3 + 4*x**2 - 6*x. Let d = 64 - 34. Let w = -35 + d. Let g be o(w). What is the greatest common divisor of 10 and g?
5
Let x = 53 - -5. Suppose -3*y + 542 - 107 = 0. What is the highest common divisor of x and y?
29
Suppose 20 - 32 = -4*i. Let s(t) = 2*t**3 - t**2 + t + 2. Let h be s(i). Calculate the greatest common factor of 10 and h.
10
Let c(n) = -4*n - 14. Let a be c(-5). Suppose -548 = -a*w - 152. Calculate the highest common factor of 6 and w.
6
Let j = 56 + -30. Suppose 3*w - 1 = z, 0*z - z = -w - 3. Suppose -z*x - 312 = -1352. What is the greatest common factor of x and j?
26
Let v(r) = -r**3 + 5*r**2 - 5*r + 4. Let n be v(4). Suppose n = 6*z - 5*z - 50. What is the greatest common factor of z and 20?
10
Suppose h = -2*h + 5*v - 16, -3*v = -15. Let s be ((-24)/(-20))/(h/(-20)). Let z be (10/s)/((-1)/4). What is the highest common divisor of z and 55?
5
Let i be (-6)/(-4) - 2/(-4). Suppose -3*c - v - 139 = 0, 2*c + 82 = i*v - 0*v. Let q be 36/c - 324/(-5). Calculate the highest common divisor of 16 and q.
16
Suppose 5*v - 287 = 73. Let p = v + -8. What is the highest common factor of 32 and p?
32
Suppose 0 = -m - 4*m + 600. Suppose -140*h = -123*h - 255. What is the highest common divisor of h and m?
15
Let w(z) = -4*z + 22*z**2 - 3 - 29*z**2 + 13*z**2 + z**3 - 1. Let t be 3/(-9)*-3*-6. Let c be w(t). What is the highest common factor of 5 and c?
5
Let x = 40 + -79. Let a be ((-3)/3)/(-4 + (-155)/x). Calculate the greatest common divisor of 3 and a.
3
Suppose -2*g + 20 = 2*g. Suppose -200 = -g*j + 50. Suppose 0 = u + 4*z + 6, -2*u + 5*z + 30 = -u. Calculate the highest common factor of u and j.
10
Suppose -48 - 22 = -10*o. Suppose o = -3*x - 2, 261 = 4*b - 3*x. Calculate the highest common divisor of b and 14.
7
Let u be (-188)/(-14) - 12/(-21). Let s(b) = b + 70. Let r(c) = c**3 - 5*c**2. Let g be r(5). Let n be s(g). What is the highest common factor of n and u?
14
Let u be ((-38)/3)/((-2)/3). Let v be